{"id":75,"date":"2024-12-18T18:09:26","date_gmt":"2024-12-18T18:09:26","guid":{"rendered":"https:\/\/somi-t.com\/monde.ca\/jeunesetsociete\/?page_id=75"},"modified":"2026-03-16T13:37:20","modified_gmt":"2026-03-16T13:37:20","slug":"nous-joindre","status":"publish","type":"page","link":"https:\/\/monde.ca\/jeunesetsociete\/nous-joindre\/","title":{"rendered":"Nous joindre"},"content":{"rendered":"\t\t<div data-elementor-type=\"wp-page\" data-elementor-id=\"75\" class=\"elementor elementor-75\" data-elementor-post-type=\"page\">\n\t\t\t\t<div class=\"elementor-element elementor-element-23449cd e-con-full e-flex e-con e-parent\" data-id=\"23449cd\" data-element_type=\"container\" data-e-type=\"container\" data-settings=\"{&quot;background_background&quot;:&quot;classic&quot;}\">\n\t\t<div class=\"elementor-element elementor-element-eb6d660 e-con-full elementor-hidden-mobile e-flex e-con e-child\" data-id=\"eb6d660\" data-element_type=\"container\" data-e-type=\"container\">\n\t\t\t\t<div class=\"elementor-element elementor-element-faf7fa6 elementor-widget elementor-widget-image\" data-id=\"faf7fa6\" data-element_type=\"widget\" data-e-type=\"widget\" data-widget_type=\"image.default\">\n\t\t\t\t<div class=\"elementor-widget-container\">\n\t\t\t\t\t\t\t\t\t\t\t\t\t\t\t<img decoding=\"async\" width=\"170\" height=\"170\" src=\"https:\/\/monde.ca\/jeunesetsociete\/wp-content\/uploads\/sites\/3\/2024\/12\/logoJSentree.gif\" class=\"attachment-large size-large wp-image-18\" alt=\"\" \/>\t\t\t\t\t\t\t\t\t\t\t\t\t\t\t<\/div>\n\t\t\t\t<\/div>\n\t\t\t\t<\/div>\n\t\t<div class=\"elementor-element elementor-element-6a1724f e-con-full e-flex e-con e-child\" data-id=\"6a1724f\" data-element_type=\"container\" data-e-type=\"container\">\n\t\t\t\t<div class=\"elementor-element elementor-element-d31a988 elementor-widget elementor-widget-heading\" data-id=\"d31a988\" data-element_type=\"widget\" data-e-type=\"widget\" data-widget_type=\"heading.default\">\n\t\t\t\t<div class=\"elementor-widget-container\">\n\t\t\t\t\t<h2 class=\"elementor-heading-title elementor-size-default\">Nous joindre<\/h2>\t\t\t\t<\/div>\n\t\t\t\t<\/div>\n\t\t\t\t<\/div>\n\t\t\t\t<\/div>\n\t\t<div class=\"elementor-element elementor-element-6408107 e-flex e-con-boxed e-con e-parent\" data-id=\"6408107\" data-element_type=\"container\" data-e-type=\"container\" data-settings=\"{&quot;background_background&quot;:&quot;gradient&quot;}\">\n\t\t\t\t\t<div class=\"e-con-inner\">\n\t\t\t\t<div class=\"elementor-element elementor-element-c50ee5e elementor-widget elementor-widget-text-editor\" data-id=\"c50ee5e\" data-element_type=\"widget\" data-e-type=\"widget\" data-widget_type=\"text-editor.default\">\n\t\t\t\t<div class=\"elementor-widget-container\">\n\t\t\t\t\t\t\t\t\t<p><strong>Vous avez des questions ?\u00a0<\/strong><\/p>\t\t\t\t\t\t\t\t<\/div>\n\t\t\t\t<\/div>\n\t\t\t\t<div class=\"elementor-element elementor-element-1c78ccd elementor-widget elementor-widget-text-editor\" data-id=\"1c78ccd\" data-element_type=\"widget\" data-e-type=\"widget\" data-widget_type=\"text-editor.default\">\n\t\t\t\t<div class=\"elementor-widget-container\">\n\t\t\t\t\t\t\t\t\t<div>Vous avez envie de vous impliquer dans notre r\u00e9seau?<\/div><div>\u00a0<\/div><div>Vous pouvez :\u00a0<\/div><div><ul><li>vous inscrire \u00e0 notre infolettre<\/li><li>devenir b\u00e9n\u00e9vole<\/li><li>devenir formateur\u00a0<\/li><\/ul><\/div>\t\t\t\t\t\t\t\t<\/div>\n\t\t\t\t<\/div>\n\t\t\t\t<div class=\"elementor-element elementor-element-3b28cbc elementor-widget elementor-widget-button\" data-id=\"3b28cbc\" data-element_type=\"widget\" data-e-type=\"widget\" data-widget_type=\"button.default\">\n\t\t\t\t<div class=\"elementor-widget-container\">\n\t\t\t\t\t\t\t\t\t<div class=\"elementor-button-wrapper\">\n\t\t\t\t\t<a class=\"elementor-button elementor-button-link elementor-size-sm\" href=\"https:\/\/docs.google.com\/forms\/d\/e\/1FAIpQLSdtRVkOy4f1IcTuUzcZ9xzuJE3UvqbDT8CAa1EUsxDc7sxbtg\/viewform\">\n\t\t\t\t\t\t<span class=\"elementor-button-content-wrapper\">\n\t\t\t\t\t\t\t\t\t<span class=\"elementor-button-text\">CONTACTEZ-NOUS<\/span>\n\t\t\t\t\t<\/span>\n\t\t\t\t\t<\/a>\n\t\t\t\t<\/div>\n\t\t\t\t\t\t\t\t<\/div>\n\t\t\t\t<\/div>\n\t\t\t\t<div class=\"elementor-element elementor-element-5cebef3 elementor-widget elementor-widget-menu-anchor\" data-id=\"5cebef3\" data-element_type=\"widget\" data-e-type=\"widget\" data-widget_type=\"menu-anchor.default\">\n\t\t\t\t<div class=\"elementor-widget-container\">\n\t\t\t\t\t\t\t<div class=\"elementor-menu-anchor\" id=\"formulaire-contact\"><\/div>\n\t\t\t\t\t\t<\/div>\n\t\t\t\t<\/div>\n\t\t<div class=\"elementor-element elementor-element-0406a74 e-con-full e-flex e-con e-child\" data-id=\"0406a74\" data-element_type=\"container\" data-e-type=\"container\">\n\t\t<div class=\"elementor-element elementor-element-221683c e-con-full e-flex e-con e-child\" data-id=\"221683c\" data-element_type=\"container\" data-e-type=\"container\">\n\t\t\t\t<div class=\"elementor-element elementor-element-8a11275 elementor-align-start elementor-icon-list--layout-traditional elementor-list-item-link-full_width elementor-widget elementor-widget-icon-list\" data-id=\"8a11275\" data-element_type=\"widget\" data-e-type=\"widget\" data-widget_type=\"icon-list.default\">\n\t\t\t\t<div class=\"elementor-widget-container\">\n\t\t\t\t\t\t\t<ul class=\"elementor-icon-list-items\">\n\t\t\t\t\t\t\t<li class=\"elementor-icon-list-item\">\n\t\t\t\t\t\t\t\t\t\t\t<span class=\"elementor-icon-list-icon\">\n\t\t\t\t\t\t\t<svg aria-hidden=\"true\" class=\"e-font-icon-svg e-fas-chevron-right\" viewBox=\"0 0 320 512\" xmlns=\"http:\/\/www.w3.org\/2000\/svg\"><path d=\"M285.476 272.971L91.132 467.314c-9.373 9.373-24.569 9.373-33.941 0l-22.667-22.667c-9.357-9.357-9.375-24.522-.04-33.901L188.505 256 34.484 101.255c-9.335-9.379-9.317-24.544.04-33.901l22.667-22.667c9.373-9.373 24.569-9.373 33.941 0L285.475 239.03c9.373 9.372 9.373 24.568.001 33.941z\"><\/path><\/svg>\t\t\t\t\t\t<\/span>\n\t\t\t\t\t\t\t\t\t\t<span class=\"elementor-icon-list-text\">MONTR\u00c9AL<\/span>\n\t\t\t\t\t\t\t\t\t<\/li>\n\t\t\t\t\t\t<\/ul>\n\t\t\t\t\t\t<\/div>\n\t\t\t\t<\/div>\n\t\t\t\t<div class=\"elementor-element elementor-element-f5990ab elementor-widget elementor-widget-text-editor\" data-id=\"f5990ab\" data-element_type=\"widget\" data-e-type=\"widget\" data-widget_type=\"text-editor.default\">\n\t\t\t\t<div class=\"elementor-widget-container\">\n\t\t\t\t\t\t\t\t\t<p>340, rue Saint-Augustin<br \/>Montr\u00e9al (Qu\u00e9bec) H4C 2N8<br \/>CANADA<br \/>T\u00e9l\u00e9phone : 514 495-8583<br \/>T\u00e9l\u00e9copieur : 514 937-7652<\/p>\t\t\t\t\t\t\t\t<\/div>\n\t\t\t\t<\/div>\n\t\t\t\t<\/div>\n\t\t<div class=\"elementor-element elementor-element-fb6f1f0 e-con-full e-flex e-con e-child\" data-id=\"fb6f1f0\" data-element_type=\"container\" data-e-type=\"container\">\n\t\t\t\t<div class=\"elementor-element elementor-element-ea203bc elementor-widget elementor-widget-google_maps\" data-id=\"ea203bc\" data-element_type=\"widget\" data-e-type=\"widget\" data-widget_type=\"google_maps.default\">\n\t\t\t\t<div class=\"elementor-widget-container\">\n\t\t\t\t\t\t\t<div class=\"elementor-custom-embed\">\n\t\t\t<iframe loading=\"lazy\"\n\t\t\t\t\tsrc=\"https:\/\/maps.google.com\/maps?q=340%2C%20rue%20Saint-Augustin%20Montr%C3%A9al&#038;t=m&#038;z=15&#038;output=embed&#038;iwloc=near\"\n\t\t\t\t\ttitle=\"340, rue Saint-Augustin Montr\u00e9al\"\n\t\t\t\t\taria-label=\"340, rue Saint-Augustin Montr\u00e9al\"\n\t\t\t><\/iframe>\n\t\t<\/div>\n\t\t\t\t\t\t<\/div>\n\t\t\t\t<\/div>\n\t\t\t\t<\/div>\n\t\t\t\t<\/div>\n\t\t<div class=\"elementor-element elementor-element-8f861b9 e-con-full e-flex e-con e-child\" data-id=\"8f861b9\" data-element_type=\"container\" data-e-type=\"container\">\n\t\t\t\t<\/div>\n\t\t\t\t<div class=\"elementor-element elementor-element-c4fec29 elementor-widget elementor-widget-html\" data-id=\"c4fec29\" data-element_type=\"widget\" data-e-type=\"widget\" data-widget_type=\"html.default\">\n\t\t\t\t<div class=\"elementor-widget-container\">\n\t\t\t\t\t<script>\r\n\/* Control the Elementor Tabs from the URL\r\n* Code from https:\/\/element.how\/elementor-open-specific-tab-toggle-accordion\/\r\n* Copyright 2023 Element.how\r\n* Updated 2023\/12\/05\r\n*\/\r\nwindow.addEventListener('load', () => {\r\nsetTimeout(function () {\r\n\r\nlet scrollOffset = 100; \/* scroll offset from the top of title *\/\r\n\r\nconst tabsAccordionToggleTitles = document.querySelectorAll('.e-n-accordion-item-title, .e-n-tab-title, .elementor-tab-title');\r\n\r\nconst clickTitleWithAnchor = (anchor) => {\r\ntabsAccordionToggleTitles.forEach(title => {\r\nif (title.querySelector(`#${anchor}`) != null || title.id === anchor || (title.closest('details') && title.closest('details').id === anchor)) {\r\nif (title.getAttribute('aria-expanded') !== 'true' && !title.classList.contains('elementor-active')) title.click();\r\nlet timing = 0;\r\nlet scrollTarget = title;\r\nif (getComputedStyle(title.closest('.elementor-element')).getPropertyValue('--n-tabs-direction') == 'row') scrollTarget = title.closest('.elementor-element');\r\nif (title.closest('.e-n-accordion, .elementor-accordion-item, .elementor-toggle-item')) {\r\ntiming = 400;\r\n}\r\nsetTimeout(function () {\r\njQuery('html, body').animate({\r\nscrollTop: jQuery(scrollTarget).offset().top - scrollOffset,\r\n}, 'slow');\r\n}, timing);\r\n}\r\n});\r\n};\r\n\r\ndocument.addEventListener('click', (event) => {\r\nif (event.target.closest('a') && event.target.closest('a').href.includes('#')) {\r\nconst anchor = extractAnchor(event.target.closest('a').href);\r\nif (anchor && isAnchorInTitles(anchor, tabsAccordionToggleTitles)) {\r\nevent.preventDefault();\r\nclickTitleWithAnchor(anchor);\r\n}\r\n}\r\n});\r\n\r\nconst currentAnchor = extractAnchor(window.location.href);\r\nif (currentAnchor) {\r\nclickTitleWithAnchor(currentAnchor);\r\n}\r\n\r\nfunction extractAnchor(url) {\r\nconst match = url.match(\/#([^?]+)\/);\r\nreturn match ? match[1] : null;\r\n};\r\n\r\nfunction isAnchorInTitles(anchor, titles) {\r\nreturn Array.from(titles).some(title => {\r\nreturn title.querySelector(`#${anchor}`) !== null || title.id === anchor || (title.closest('details') && title.closest('details').id === anchor);\r\n});\r\n};\r\n\r\n}, 300);\r\n});\r\n<\/script>\r\n\t\t\t\t<\/div>\n\t\t\t\t<\/div>\n\t\t\t\t\t<\/div>\n\t\t\t\t<\/div>\n\t\t\t\t<\/div>\n\t\t","protected":false},"excerpt":{"rendered":"<p>Nous joindre Vous avez des questions ?\u00a0 Vous avez envie de vous impliquer dans notre r\u00e9seau?\u00a0Vous pouvez :\u00a0 vous inscrire \u00e0 notre infolettre devenir b\u00e9n\u00e9vole devenir formateur\u00a0 CONTACTEZ-NOUS MONTR\u00c9AL 340, rue Saint-AugustinMontr\u00e9al (Qu\u00e9bec) H4C 2N8CANADAT\u00e9l\u00e9phone : 514 495-8583T\u00e9l\u00e9copieur : 514 937-7652<\/p>\n","protected":false},"author":1,"featured_media":0,"parent":0,"menu_order":0,"comment_status":"closed","ping_status":"closed","template":"","meta":{"footnotes":""},"class_list":["post-75","page","type-page","status-publish","hentry"],"_links":{"self":[{"href":"https:\/\/monde.ca\/jeunesetsociete\/wp-json\/wp\/v2\/pages\/75","targetHints":{"allow":["GET"]}}],"collection":[{"href":"https:\/\/monde.ca\/jeunesetsociete\/wp-json\/wp\/v2\/pages"}],"about":[{"href":"https:\/\/monde.ca\/jeunesetsociete\/wp-json\/wp\/v2\/types\/page"}],"author":[{"embeddable":true,"href":"https:\/\/monde.ca\/jeunesetsociete\/wp-json\/wp\/v2\/users\/1"}],"replies":[{"embeddable":true,"href":"https:\/\/monde.ca\/jeunesetsociete\/wp-json\/wp\/v2\/comments?post=75"}],"version-history":[{"count":79,"href":"https:\/\/monde.ca\/jeunesetsociete\/wp-json\/wp\/v2\/pages\/75\/revisions"}],"predecessor-version":[{"id":1260,"href":"https:\/\/monde.ca\/jeunesetsociete\/wp-json\/wp\/v2\/pages\/75\/revisions\/1260"}],"wp:attachment":[{"href":"https:\/\/monde.ca\/jeunesetsociete\/wp-json\/wp\/v2\/media?parent=75"}],"curies":[{"name":"wp","href":"https:\/\/api.w.org\/{rel}","templated":true}]}}